ommon factor of 1401344 and 4669?
161
What is the greatest common divisor of 225 and 3155967?
9
What is the greatest common factor of 1384 and 145824?
8
Calculate the highest common factor of 2557 and 1766.
1
What is the greatest common divisor of 559396450 and 50?
50
Calculate the greatest common factor of 79784690 and 1370.
1370
What is the highest common factor of 1244 and 16395609?
311
Calculate the greatest common factor of 5938 and 50.
2
What is the greatest common divisor of 1729808 and 1622352?
1168
Calculate the greatest common factor of 159365414 and 390.
26
What is the highest common factor of 3066 and 84116676?
42
Calculate the greatest common factor of 44856220 and 80.
20
What is the greatest common divisor of 122604 and 1207?
17
Calculate the highest common factor of 1704 and 136224008.
568
Calculate the highest common divisor of 8845 and 155058157.
1769
What is the greatest common divisor of 2118 and 108762?
6
Calculate the greatest common divisor of 8147178 and 3774.
222
What is the greatest common factor of 88910 and 35088070?
5230
What is the highest common factor of 27820760 and 6784?
424
Calculate the highest common factor of 10166 and 540566.
442
Calculate the highest common factor of 1342941 and 3039879.
5619
Calculate the highest common divisor of 3716755 and 1120.
35
Calculate the highest common divisor of 558 and 1400418.
18
Calculate the greatest common divisor of 648 and 120552.
24
Calculate the greatest common divisor of 2289690 and 8398.
494
What is the greatest common divisor of 194913650 and 365?
365
What is the greatest common divisor of 27293560 and 2140?
2140
Calculate the greatest common factor of 994 and 31314479.
497
Calculate the highest common factor of 164193 and 723453.
717
What is the highest common divisor of 3261058 and 1?
1
Calculate the highest common factor of 29732911 and 174291.
1417
Calculate the greatest common factor of 7197761 and 6328.
113
Calculate the greatest common divisor of 143 and 306526.
11
Calculate the greatest common factor of 2150075 and 1275.
425
Calculate the greatest common factor of 22352 and 165550088.
11176
Calculate the greatest common divisor of 3542 and 725802.
154
What is the highest common factor of 77970871 and 1342?
671
Calculate the highest common divisor of 119 and 411817.
7
Calculate the highest common factor of 58988804 and 259.
259
What is the highest common divisor of 3729256 and 243049?
289
Calculate the highest common divisor of 8877 and 8415.
33
Calculate the highest common divisor of 216 and 19647414.
54
Calculate the highest common divisor of 526 and 442510.
2
What is the highest common divisor of 63330712 and 1168?
584
Calculate the highest common factor of 12590 and 219520.
10
Calculate the highest common divisor of 88 and 14990936.
8
Calculate the highest common divisor of 2599965 and 225.
45
What is the highest common divisor of 14960 and 15318160?
880
What is the highest common divisor of 2424 and 94009992?
2424
Calculate the greatest common divisor of 3439535 and 16445.
1265
What is the greatest common factor of 1021537689 and 249?
249
Calculate the highest common divisor of 68856 and 23784.
24
Calculate the highest common divisor of 10748381 and 21.
7
Calculate the highest common divisor of 864 and 20088216.
216
Calculate the greatest common factor of 12474434 and 13790.
2758
Calculate the greatest common divisor of 8400 and 745430.
70
What is the greatest common divisor of 28528645 and 1016?
127
Calculate the highest common divisor of 2444 and 36993606.
1222
Calculate the highest common divisor of 328893345 and 4455.
1485
Calculate the highest common factor of 3675 and 462615.
15
Calculate the highest common divisor of 1984 and 410626.
62
What is the highest common factor of 15405321 and 3165?
633
Calculate the greatest common divisor of 36513 and 375.
3
What is the greatest common divisor of 6119 and 688518?
29
Calculate the greatest common factor of 275859354 and 1374.
1374
What is the greatest common divisor of 16543 and 127729?
71
What is the greatest common divisor of 196 and 815801?
49
Calculate the greatest common divisor of 41136571 and 1148.
287
Calculate the greatest common factor of 654523913 and 38.
19
Calculate the highest common divisor of 122877 and 6620373.
2997
Calculate the highest common divisor of 129667 and 598424.
127
What is the highest common factor of 825 and 157695?
15
Calculate the highest common factor of 17350 and 3631702.
694
Calculate the highest common divisor of 54344 and 862778930.
13586
What is the greatest common divisor of 70357 and 100786?
161
Calculate the greatest common factor of 9877112 and 304.
152
Calculate the greatest common divisor of 109962 and 256947.
123
What is the highest common divisor of 2351367 and 36?
9
Calculate the greatest common factor of 1412 and 1537550804.
1412
Calculate the highest common divisor of 223527 and 3957.
3
What is the greatest common divisor of 862480900 and 10568?
5284
Calculate the greatest common divisor of 10908015 and 240.
15
Calculate the highest common factor of 74784558 and 1314.
438
What is the greatest common factor of 140261 and 78023?
451
What is the greatest common divisor of 655902 and 45279?
117
Calculate the greatest common divisor of 1611 and 10744515.
9
Calculate the greatest common divisor of 304 and 70620336.
16
What is the greatest common factor of 18 and 829711269?
9
What is the greatest common divisor of 21 and 386475?
3
What is the greatest common divisor of 7954660 and 14?
14
What is the greatest common factor of 11430 and 672592?
254
What is the highest common factor of 436553621 and 7?
7
Calculate the highest common divisor of 2661236 and 81832.
212
What is the greatest common factor of 55 and 497859362?
11
What is the greatest common factor of 41522 and 69914?
26
What is the highest common factor of 15360496 and 64?
16
Calculate the greatest common divisor of 6679307 and 1.
1
Calculate the greatest common factor of 92 and 1035603796.
92
What is the highest common divisor of 14680649 and 79?
79
Calculate the highest common factor of 6221904 and 47436.
708
Calculate the greatest common divisor of 100233980 and 5368.
2684
What is the highest common factor of 12426 and 1076654912?
4142
What is the greatest common factor of 2781 and 675?
27
Calculate the greatest common factor of 189360 and 6504.
24
What is the greatest common divisor of 56 and 87789352?
56
Calculate the highest common divisor of 17927 and 29139058.
2561
Calculate the greatest common factor of 127641 and 1080477.
813
What is the greatest common divisor of 3555215 and 2514?
419
What is the highest common factor of 877 and 17703122?
877
Calculate the greatest common divisor of 1061074 and 10108.
266
Calculate the highest common factor of 7527705 and 3420.
285
Calculate the greatest common divisor of 63943080 and 60.
60
What is the highest common factor of 1220 and 3516260?
20
What is the greatest common divisor of 94 and 120972454?
94
What is the greatest common factor of 1764 and 379281?
21
Calculate the greatest common divisor of 726 and 5445066.
66
Calculate the highest common factor of 601120 and 5892640.
2080
What is the highest common factor of 105618 and 1369902?
174
Calculate the highest common factor of 523206690 and 177.
177
Calculate the highest common divisor of 15 and 26484145.
5
Calculate the greatest common factor of 1173 and 8688.
3
Calculate the highest common factor of 123585 and 186450.
165
Calculate the greatest common factor of 114925 and 25705.
5
What is the highest common divisor of 256263 and 693?
21
Calculate the greatest common factor of 18669 and 37211.
127
What is the highest common factor of 1870 and 93332448?
374
What is the greatest common divisor of 7 and 32403294?
7
Calculate the highest common divisor of 1 and 36300689.
1
Calculate the highest common factor of 354752 and 298816.
1472
Calculate the greatest common divisor of 46907 and 441.
7
What is the greatest common divisor of 574 and 9153158?
14
Calculate the highest common divisor of 11 and 12859616.
11
Calculate the highest common factor of 789 and 22119352.
263
Calculate the greatest common factor of 16562 and 5877942.
98
What is the highest common divisor of 28 and 38122875?
7
What is the h